20e63d
Convert 14834a (base 11) to base 6.
4535544
What is 10113012 (base 4) in base 8?
42706
Convert 19ce (base 16) to base 15.
1e56
121103 (base 8) to base 9
62874
-1134104 (base 9) to base 15
-c1a34
Convert -132130313 (base 4) to base 6.
-2401235
What is 1100010100110010000 (base 2) in base 11?
256472
25bd66 (base 16) to base 8
11336546
What is -823dbc (base 14) in base 13?
-ba946a
Convert 1ba8aa (base 14) to base 7.
11261003
What is 5795543 (base 10) in base 5?
2440424133
Convert 16422085 (base 9) to base 6.
452122552
Convert -110100000000011 (base 2) to base 8.
-64003
What is -b78523 (base 13) in base 6?
-232115240
Convert 22112102212 (base 3) to base 9.
275385
-300131314 (base 7) to base 10
-17318914
30200030 (base 4) to base 5
3114322
Convert 5fcf7 (base 16) to base 14.
a3035
Convert 26137 (base 13) to base 16.
11377
Convert -11111120020200 (base 3) to base 15.
-323e73
What is -28a87 (base 13) in base 6?
-1350055
What is b67 (base 12) in base 5?
23123
Convert -4aa19 (base 11) to base 15.
-169d9
What is 53c16 (base 13) in base 3?
21200202000
Convert -466137 (base 11) to base 15.
-e94b7
-607325 (base 11) to base 2
-11101110010010001101
What is -45125 (base 7) in base 15?
-3592
What is -113500452 (base 6) in base 5?
-1021413301
Convert -217a89 (base 12) to base 9.
-1000736
Convert 3756c (base 13) to base 14.
29257
Convert -2442020 (base 5) to base 2.
-1011010110101110
1683054 (base 9) to base 15
1389c4
Convert -1240044 (base 6) to base 7.
-400363
What is -1120233 (base 4) in base 5?
-140204
-453995 (base 13) to base 12
-66aa6b
Convert -12132211003 (base 4) to base 14.
-322bbd
Convert 33109 (base 14) to base 7.
1023412
Convert 11101000111110 (base 2) to base 5.
434120
What is -1112344253 (base 6) in base 14?
-1887705
Convert -10111053 (base 8) to base 2.
-1000001001001000101011
11403713 (base 8) to base 9
4617782
Convert 20202010002100 (base 3) to base 8.
15531054
What is 2631000 (base 8) in base 16?
b3200
Convert 370bf5 (base 16) to base 15.
4b3d7b
16c00 (base 13) to base 15
ce81
What is -808625 (base 12) in base 16?
-1e997d
What is 224043410 (base 5) in base 6?
33255232
Convert 5343c8 (base 15) to base 7.
45454160
Convert 837790 (base 15) to base 10.
6252210
Convert 100001111101001100000 (base 2) to base 16.
10fa60
1abc5c (base 13) to base 2
10100110110010100111
What is -d45c0 (base 14) in base 13?
-14baa8
What is -1010010100101101001 (base 2) in base 3?
-122012000221
164749 (base 12) to base 8
1350451
What is -23312322300 (base 4) in base 6?
-150343200
What is 231021162 (base 7) in base 8?
65700156
Convert -1010332232 (base 4) to base 6.
-10020022
-371206 (base 10) to base 14
-993ca
11024012 (base 5) to base 2
10111010100010011
-688c0 (base 15) to base 2
-1010001001110111010
Convert 112022000020 (base 3) to base 2.
1000100101100111000
What is 2856b9 (base 15) in base 10?
1942149
What is 163402164 (base 7) in base 5?
10322031030
-a950b8 (base 15) to base 4
-132301111313
What is -184864 (base 9) in base 7?
-656512
442026 (base 8) to base 9
245632
What is 63454651 (base 7) in base 8?
24402244
What is -2697 (base 16) in base 12?
-5873
Convert -1033011210 (base 4) to base 7.
-2516301
Convert -1ea0a1 (base 15) to base 11.
-936549
What is 1736124 (base 8) in base 3?
221202102110
Convert -1031024344 (base 5) to base 2.
-1000011010010100101110
Convert 1c5c8 (base 14) to base 4.
101230310
Convert 109660a (base 11) to base 14.
37ab52
-1010001010010101101100 (base 2) to base 14
-4d4aa8
What is -355a2 (base 13) in base 7?
-554452
169449 (base 10) to base 11
106345
5626056 (base 9) to base 2
1011100011100000110110
What is 457024a (base 12) in base 15?
1285a64
-1993d (base 16) to base 4
-121210331
Convert 30001645 (base 7) to base 6.
124545111
Convert 2411406 (base 7) to base 9.
515023
Convert -641125 (base 8) to base 4.
-310021111
Convert -31323320 (base 5) to base 13.
-91ab6
-22233000 (base 4) to base 2
-1010101111000000
-5b4023 (base 14) to base 5
-1244411303
Convert -233021023 (base 4) to base 9.
-323784
What is 22003140 (base 5) in base 11?
119207
What is -2f71b5 (base 16) in base 13?
-84b330
Convert 3610334 (base 7) to base 3.
212012000022
-67505 (base 12) to base 15
-2a9e2
Convert -111113310 (base 4) to base 6.
-1513140
Convert 1780043 (base 13) to base 7.
122030021
15da09 (base 16) to base 13
3b1aa6
Convert -124220331 (base 6) to base 10.
-2444383
What is -48dbb (base 14) in base 3?
-100001121210
131033232 (base 4) to base 16
1d3ee
554531 (base 6) to base 16
b557
152634 (base 9) to base 2
10110111010000101
-3408183 (base 9) to base 11
-1044882
Convert -115860 (base 13) to base 14.
-aa35b
-1413333 (base 10) to base 14
-28b0c5
12201222021 (base 3) to base 10
112975
Convert -31000122 (base 5) to base 7.
-2060654
-1110100001110100111 (base 2) to base 16
-743a7
Convert 2066 (base 13) to base 5.
120403
Convert -1022a22 (base 11) to base 7.
-21224426
What is -153eae (base 15) in base 9?
-1833282
What is -375a3 (base 13) in base 3?
-12011222021
130020330 (base 5) to base 12
262570
302310332121 (base 4) to base 11
7580726
Convert 10121102021212 (base 3) to base 11.
109a6a6
Convert -1001011101110111010111 (base 2) to base 10.
-2481623
What is -b70756 (base 12) in base 3?
-12102111020210
-15943a (base 12) to base 9
-621661
Convert 111100011110010101010 (base 2) to base 9.
3650228
-8c2d4 (base 14) to base 15
-6aec4
Convert 27242371 (base 8) to base 14.
b51837
What is -16442255 (base 8) in base 9?
-7160205
What is 20210110202 (base 3) in base 9?
223422
What is -28c044 (base 16) in base 15?
-37b490
-121a493 (base 11) to base 5
-1020402300
Convert 1f9c00 (base 16) to base 4.
13321300000
What is -428355 (base 9) in base 7?
-2112506
What is -14411551 (base 8) in base 7?
-36615561
What is -322010311 (base 4) in base 11?
-1527a2
218234 (base 9) to base 16
1fe7c
Convert 1115450 (base 7) to base 8.
417063
What is -34044051 (base 6) in base 2?
-11111100000100111111
What is 2a7372 (base 12) in base 11?
450199
Convert -276b00 (base 16) to base 15.
-36064b
-267521 (base 13) to base 7
-10622651
Convert -243462 (base 7) to base 16.
-adc7
What is -535605 (base 8) in base 14?
-49393
-1111101001100011101 (base 2) to base 12
-208911
What is 140430234 (base 5) in base 2?
10101111001100000001
-12343122 (base 5) to base 13
-434b8
What is 41103323 (base 5) in base 10?
331713
Convert 8732965 (base 11) to base 16.
ea2f86
What is 3a407b (base 14) in base 7?
23034214
What is 1617231 (base 9) in base 7?
10425610
What is -1000110001000110 (base 2) in base 4?
-20301012
Convert -1211123303 (base 4) to base 9.
-702828
Convert b7762a (base 12) to base 2.
1011000010110111000010
What is 7a5a (base 15) in base 5?
1312320
What is -22113020311 (base 4) in base 8?
-12271065
a70c5 (base 14) to base 6
12352125
12112122 (base 4) to base 15
7a90
Convert 214503305 (base 6) to base 11.
2200180
Convert -3a3496 (base 13) to base 4.
-11113132133
-10110020112011 (base 3) to base 16
-1c010b
Convert 75737a (base 13) to base 15.
397213
Convert eb8e39 (base 16) to base 3.
1002001022002102
What is -110389 (base 13) in base 2?
-1100001110001011010
-1000001000110111000001 (base 2) to base 9
-4011470
Convert -9717d (base 15) to base 16.
-75169
Convert 69cc2 (base 13) to base 14.
5064d
What is 13332 (base 12) in base 5?
1321030
-101100000001 (base 2) to base 4
-230001
Convert -46007 (base 10) to base 5.
-2433012
What is -1375075 (base 11) in base 5?
-1101121223
Convert 4691e1 (base 15) to base 13.
910b04
What is -2413312 (base 5) in base 8?
-127440
What is 1001000001010101 (base 2) in base 10?
36949
Convert -23143011 (base 6) to base 13.
-1bc982
What is -a80a (base 13) in base 6?
-300004
-5a6327 (base 12) to base 13
-3c27c7
What is 71883 (base 13) in base 2?
110001101100111111
What is -4375a3 (base 15) in base 16?
-310bc6
Convert 17545500 (base 8) to base 11.
236094a
165140045 (base 7) to base 8
53136654
What is 1d955 (base 14) in base 9?
125133
What is -11599 (base 14) in base 10?
-42275
Convert 14334 (base 5) to base 7.
3361
Convert -125116 (base 9) to base 3.
-10212010120
-579814 (base 10) to base 15
-b6be4
-1413001314 (base 5) to base 9
-6758251
What is 204030 (base 13) in base 4?
2313130311
What is -12621718 (base 10) in base 13?
-27cbc95
Convert -209643 (base 10) to base 7.
-1532130
What is 3284a62 (ba